it of r?
7
Let p(n) = 0 + 1 - 3*n + 4. Let s be p(4). What is the tens digit of 2/14*2 - 439/s?
6
Let l(s) = 2*s + 51 - 3*s - 62 + 8*s - s. Suppose -2*g = -8 - 10. What is the units digit of l(g)?
3
What is the units digit of 1/(2 - (-41631)/(-20816)) + (-9524)/2381?
2
Suppose 2*h = 5*n - 17, 6*n + 2*h = 2*n + 28. Let k(l) = l**2 - 4*l - 1. Let s be k(6). What is the units digit of n*((1 - 1) + s)?
5
Let m(p) = 2*p**2 + 18*p + 39. Let t be m(-6). What is the units digit of 6/14 - (t - 1110/7)?
6
Suppose -6*r = -46 - 86. Suppose -13*g + r*g = 1539. What is the hundreds digit of g?
1
Suppose -2*f = -8*j + 3*j - 154, 4*j - f + 122 = 0. Let d be (81 + 1)/((-12)/(-18)). Let y = j + d. What is the tens digit of y?
9
What is the tens digit of 3 - 48/20 - 1376774/(-35)?
3
Let p(d) be the first derivative of 123*d**2/2 - 68*d - 164. What is the tens digit of p(6)?
7
Suppose 103837 - 295117 = -30*v. What is the units digit of v?
6
Let l(g) = g**3 - 12*g**2 - 7*g - 18. Let a(h) = 9*h**3 + 2*h**2 - 3*h + 2. Let v be a(1). Let k be -21*9/(-15) + 4/v. What is the tens digit of l(k)?
6
Suppose -c = -5*l + 12325, 3*c + 2 = -13. Suppose -l = -33*a + 26*a. What is the tens digit of a?
5
Let x be 14/56 + (-199)/(-4). Let h = x - 47. Suppose -h*t - 5 = -245. What is the tens digit of t?
8
Let z(q) = -21*q - 4119. Let f be z(0). Let i = -2942 - f. What is the units digit of i?
7
Let o = -14572 - -33329. What is the thousands digit of o?
8
Let i(u) = -3*u + 139. Let m be (-350)/42*12/(-10). What is the hundreds digit of i(m)?
1
Suppose 4*s + 2*i - 158863 - 129853 = 0, 18 = -3*i. What is the units digit of s?
2
Let y(a) = -a**2 + 18*a + 20. Let u be y(11). Suppose 95*s = u*s - 816. What is the tens digit of s?
0
Let b(z) = -z**2 - z. Let t(g) = 7*g**2 - 5*g + 2. Let j(i) = 6*b(i) + t(i). What is the units digit of j(-14)?
2
Let d = -265 - -260. What is the hundreds digit of (-2302)/(-10) + (16/d - -3)?
2
Let f be (-2364)/(-10) - (-30)/(-75). Let v = 110 - f. Let p = v + 176. What is the units digit of p?
0
Suppose 61*u - 27126 = 70*u. What is the units digit of 5*(u/(-10) - -7)?
2
Let j be ((-1)/1)/((-2)/66). Let o be ((-6)/5)/(2/(-10)). What is the units digit of o/j - (-40)/22?
2
Let o be 51/34*2/1. What is the units digit of 8725/10 + 0 - o/2?
1
Let k = 13328 - 7528. What is the units digit of k?
0
Let k = 1772 - 290. Suppose 0 = 4*a - 2*m - 3004, a + 4*m - k = -a. What is the units digit of a?
9
Let g(d) = 3*d**2 + 36*d - 25. Let a be g(-13). What is the hundreds digit of (-157)/(((-2)/12)/(a/42))?
3
What is the tens digit of (-1266087)/(-45) - 172/645?
3
Let d(c) = -c**3 + 30*c**2 - 4*c + 108. Let u be d(30). What is the tens digit of (-14802)/(-18) - 8/u?
2
Suppose 6*t - 25*t = -23408. Suppose 29*r - t = 13*r. What is the tens digit of r?
7
Suppose 2*r - 6*u + u = 39, 3*r - 51 = 5*u. Suppose -3 = 3*m, 4*m = 4*f + 8*m - r. Suppose -5*h + 340 = f*a, 46 - 210 = -2*a - 4*h. What is the tens digit of a?
9
Let b(f) = -15*f**3 - 3*f**2 - 7*f + 11. Let l be b(-5). Let r be (-12)/(-84) - l/(-14). What is the units digit of 11/(-3)*10/((-40)/r)?
1
Let f be 2 - (-1)/(-1) - 1/1. Let v be f - (-3 + (2 - 2)). Suppose 5*g - 293 = -3*x, -5*x - 5*g = -v*x - 192. What is the units digit of x?
1
Suppose -41*b = b - 11760. What is the units digit of b?
0
Let l(i) = i**2 + 9. Let u = 44 + -43. Let s(z) = -4*z - 2. Let d be s(u). What is the units digit of l(d)?
5
Let r = 211 + -207. Suppose 0 = 4*b + 3*g - 495, 5*g = r*b + 3*g - 470. What is the hundreds digit of b?
1
Let i be (-6)/8*76/(-19) - -164. Suppose 4*p = 3*b + 1070 - i, -b + 217 = p. What is the units digit of p?
2
Let j(o) = -15583*o - 53. What is the ten thousands digit of j(-1)?
1
Suppose w - 2 = -p, 0*p + 14 = p + 4*w. Let a be (-3)/(-15) + p + (-27)/(-15). Suppose 12*s - 1262 + 206 = a. What is the tens digit of s?
8
Let s = -414 + 422. Suppose 0 = 4*m - l - 1156, -4*m - 3*l - 1148 = -s*m. What is the hundreds digit of m?
2
Suppose 71*v - 65*v = 60. What is the hundreds digit of (71 + -4 - 3)*v?
6
Suppose -r + 4*r - 4*r = 0. Suppose r = -c + 5*d + 10 + 7, 4*d = -c + 35. What is the tens digit of c?
2
Let x(s) = -2*s + 68. Suppose 3*y - 25 = a - 7, -2*a - y = 43. Let n be x(a). Suppose -2*f + 2*b + n = 0, -3*f + 180 = 5*b - 3*b. What is the tens digit of f?
5
Let u(o) = o**3 + 24*o**2 - 13*o + 54. Let k(j) = -j**3 - 17*j**2 + 20*j + 12. Let g be k(-18). What is the tens digit of u(g)?
6
Suppose -1496*u = -1476*u - 257060. What is the ten thousands digit of u?
1
Let a(n) = 2*n**2 - 45*n - 6*n**2 + 30*n + 3*n**2. Let k be a(-16). Let f(d) = -d**3 - 16*d**2 - 8*d + 5. What is the units digit of f(k)?
3
Suppose 2*l - 2 = 2. Suppose -l*n - 3 = -5*n. What is the units digit of -4*n*(-58)/8?
9
Let o = 51 + -19. Let l(b) = -b**3 + 31*b**2 + 38*b - 64. What is the tens digit of l(o)?
2
Let f(b) = -32*b - 13. Let q(w) be the first derivative of w**3/3 + 7*w**2/2 - 11*w + 11. Let p be q(-8). What is the units digit of f(p)?
3
Let j(x) = -18*x**3 + 22*x**2 - 8*x - 126. What is the ten thousands digit of j(-9)?
1
Let y(a) = 7268*a + 1093. What is the tens digit of y(6)?
0
Suppose -37*q + 41*q + 46230 = 5*s, 4*q + 9262 = s. What is the hundreds digit of s?
2
Let i be (-23)/(-3) - (-14)/42. Suppose -18*h + 3840 = -i*h. What is the hundreds digit of h?
3
Suppose 55195 = 18*q - 42653. What is the units digit of q?
6
Let b be ((-9)/12)/1*(-4)/1. Suppose -6 = -b*l + l. Suppose l*r = -15 + 159. What is the tens digit of r?
4
Let b(g) = -8524*g - 404. What is the thousands digit of b(-2)?
6
Suppose -4*n - 4*n = 5*n - 150800. What is the thousands digit of n?
1
Let s(k) = 18*k - 18. Let f be s(6). Let b = f - 84. Suppose 0 = -0*r - b*r + 1386. What is the hundreds digit of r?
2
What is the tens digit of ((58718/(-51))/11)/((-1)/51)?
3
What is the ten thousands digit of (195 - 203) + 12263 + -2?
1
Let v(s) = 801*s - 2176. What is the thousands digit of v(23)?
6
Suppose 3*x - 2*x + 2*g - 19 = 0, -g + 17 = x. Suppose 13*m = x*m - 368. Suppose 2*k + 3*k - m = -i, 368 = 2*i - 4*k. What is the units digit of i?
4
Suppose -3*q - 18 = -3, u = -4*q - 17. Suppose -4*j = -12, 0*y + u*j = -y + 465. What is the units digit of y?
6
Suppose -10*b - 2*k + 83368 = -4*b, 4*b - 2*k = 55602. What is the thousands digit of b?
3
Suppose 0 = 8*r + 2*r - 50. Let l = r - 1. Suppose 0 = a - 2*k + l*k - 146, -5*k = 15. What is the units digit of a?
2
Suppose -8030039 - 1429583 + 271222 = -403*z. What is the tens digit of z?
0
Let i = 33 + -25. Suppose -3*j = -4 - i. Suppose -n + 107 = 3*q, j*q + n = 30 + 111. What is the tens digit of q?
3
Let q(y) = 4*y**2 - y - 1. Let x be q(-1). Let j be (0 - (0 - 0))/(x + -3). Suppose -3*t + 4*c - 136 = -7*t, 2*t + 5*c - 74 = j. What is the units digit of t?
2
Let x = -260 - -242. Let r(t) = -32*t + 39. What is the hundreds digit of r(x)?
6
Let t(p) = -8*p. Let m be t(-1). What is the thousands digit of 6/m + 20165/20?
1
Let p = -233 + 235. Suppose 8*d = 4*q + 9*d - 61, 8 = p*q - 4*d. What is the tens digit of q?
1
Suppose -3*k - 5*y + 95 = -136, y = k - 77. Let w = k - 77. Suppose -28 = -w*z - 4*z. What is the units digit of z?
7
Let g = 4 - 2. Let n be (-16)/(-3)*g/(4/3). Suppose n*i - 85 = 7*i. What is the tens digit of i?
8
Let l be 3*3/1 - (-26 + 27). Suppose -l*k - 2*k = 840. What is the tens digit of (84/18)/((-2)/k*2)?
9
Let q be (-2 - (-108)/63) + (-60)/(-14). Suppose -2*n - 5*p + 50 = 0, 5*p - 100 = -0*n - q*n. What is the units digit of n?
5
Let t(a) = 8*a**3 + 605 - 612 + 17*a - 2*a**2 + 4*a**2. What is the tens digit of t(4)?
0
Let s(b) = -1645*b**2 - 14*b - 3. Let v(g) = 4940*g**2 + 42*g + 8. Let j(p) = 8*s(p) + 3*v(p). What is the tens digit of j(-1)?
4
Let b = 6141 + -2784. What is the units digit of b?
7
Let c(q) be the first derivative of -475*q**4/4 - q**3/3 - 7*q**2/2 - 5*q - 4. What is the tens digit of c(-1)?
7
Suppose -80*b + 24840 = -35*b. What is the hundreds digit of b?
5
Let g be (547/4 + 2)/(11/88). Let v = g + -716. What is the tens digit of v?
9
Suppose -138*b + 557208 = -66*b. What is the tens digit of b?
3
Let c = -190 + 190. Suppose c = 4*h - 3 - 45. What is the tens digit of h?
1
Let b be (-8)/3 + (-3828)/36. Let m(i) = -38*i + 4. Let w be m(-4). Let h = b + w. What is the units digit of h